 + 4217*p + 33666. Calculate y(-8).
-6
Let p(c) = c**3 - 144*c**2 + 234*c - 13006. What is p(143)?
7
Let o(w) = 2*w**3 - 21*w**2 + 17*w + 23. Give o(10).
93
Let j(m) = -464*m**2 + 2333*m + 17. What is j(5)?
82
Let i(p) = -p**3 - 17*p**2 - 43*p - 56. What is i(-13)?
-173
Let a(o) = -o**2 + 149*o + 1912. Give a(-14).
-370
Let u(l) = -l**3 + 8*l**2 + 3*l - 47. Give u(3).
7
Let h(o) = o**2 + 25*o + 71. Calculate h(-25).
71
Let i(q) = -q**2 - 29*q - 385. What is i(-25)?
-285
Let n(f) = -f**3 - 51*f**2 - 11*f - 105. Give n(-51).
456
Let k(t) = 5*t**3 + 43*t**2 - 24*t - 29. Give k(-9).
25
Let u(p) = -p**2 + 339*p + 16397. Give u(-43).
-29
Let f(a) = -2*a**2 + 6*a + 31. What is f(-7)?
-109
Let b(y) = 5*y - 52. Determine b(18).
38
Let g(s) = -132*s - 2907. Calculate g(-22).
-3
Let b(i) = -2*i**3 + 14*i**2 - 16*i + 96. Determine b(7).
-16
Let f(d) = d + 179. What is f(15)?
194
Let w(s) = 2*s**3 + 16*s**2 - 81*s - 671. Determine w(-7).
-6
Let x(t) = 3*t**3 - 22*t**2 + t + 80. Determine x(9).
494
Let g(c) = c**3 + 17*c**2 + 22*c - 77. Determine g(-13).
313
Let b(a) = a**3 + 36*a**2 + 95*a + 732. Calculate b(-34).
-186
Let h(c) = -64*c + 767. Determine h(13).
-65
Let x(y) = y**3 + 8*y**2 + 2*y + 1. What is x(-8)?
-15
Let z(a) = -1342*a + 4019. Give z(3).
-7
Let v(a) = -a**3 + 4*a**2 - 6*a + 7. Determine v(3).
-2
Let c(x) = 17*x**3 + 221*x + 222. Give c(-1).
-16
Let l(h) = -5*h**2 + 221*h - 79. What is l(44)?
-35
Let b(z) = z**3 + 4*z**2 - 5*z + 91. Give b(-6).
49
Let o(s) = -s**3 + 3*s**2 - 7*s - 6. Calculate o(-4).
134
Let f(x) = -x**2 + 61*x - 846. What is f(30)?
84
Let h(g) = g - 13. Calculate h(4).
-9
Let i(u) = -u**3 + 11*u**2 - 15*u - 41. What is i(9)?
-14
Let k(l) = l**3 - 15*l**2 + 44*l - 36. What is k(8)?
-132
Let r(q) = -99*q - 599. Determine r(-10).
391
Let h(y) = -y**2 + 80*y - 1319. Determine h(23).
-8
Let k(v) = v**3 + 2*v**2 - 43*v + 34. Give k(5).
-6
Let w(a) = 20*a - 440. Determine w(13).
-180
Let h(v) = v**3 + 55*v**2 + 72*v + 975. Calculate h(-54).
3
Let f(i) = 72*i + 44. What is f(-4)?
-244
Let l(b) = b**3 - 12*b**2 + 14*b - 34. Give l(7).
-181
Let m(f) = -185*f - 2475. What is m(-13)?
-70
Let g(w) = -w**3 - 81*w + 82. Calculate g(1).
0
Let x(b) = b**2 - 242*b - 488. Determine x(-2).
0
Let m(v) = -90*v**2 - 372*v - 42. What is m(-4)?
6
Let z(w) = w**3 + 31*w**2 + 81*w - 43. What is z(-28)?
41
Let m(t) = -2*t**3 - 7*t**2 - 23*t - 143. Calculate m(-6).
175
Let g(o) = 16*o - 124. Calculate g(7).
-12
Let m(a) = -141*a + 2405. What is m(17)?
8
Let q(m) = -26*m**2 - 93*m + 11. Determine q(-5).
-174
Let h(j) = -2*j**3 - 16*j**2 - 10*j + 23. What is h(-6)?
-61
Let q(b) = b**3 - 3*b**2 - 43*b - 76. Give q(-5).
-61
Let x(r) = -2*r**3 - 3*r**2 + 6*r + 18. Determine x(6).
-486
Let b(z) = -z**2 - 26*z + 27. Determine b(1).
0
Let h(q) = 70*q**2 + 783*q + 1374. What is h(-9)?
-3
Let s(k) = k**3 + k**2 + 105*k - 745. Give s(7).
382
Let j(k) = -k**3 + 84*k**2 - 2*k + 116. Calculate j(84).
-52
Let c(z) = -z**2 - 92*z + 7481. Determine c(-144).
-7
Let u(f) = 677*f + 14210. What is u(-21)?
-7
Let z(b) = -b**3 + 59*b**2 - 814*b - 506. Calculate z(36).
-2
Let p(t) = t**3 - 138*t**2 - 184*t + 6253. Give p(139).
-2
Let g(r) = -55*r - 1182. Determine g(-20).
-82
Let t(z) = -221*z + 737. Determine t(3).
74
Let i(u) = -12*u + 475. Give i(34).
67
Let b(f) = -10*f**3 + 2*f**2 + 27*f - 28. Give b(1).
-9
Let y(t) = -3*t**3 - 106*t**2 - 258*t - 875. Give y(-33).
16
Let u(v) = 15*v**2 - 2*v + 5. Give u(0).
5
Let q(x) = 21*x + 225. What is q(-10)?
15
Let n(s) = -s**3 - 4*s**2 + 80*s - 207. Determine n(4).
-15
Let k(l) = -2*l**3 - 76*l**2 + 3*l - 113. Calculate k(-38).
-227
Let c(r) = 106*r + 1539. Calculate c(-14).
55
Let l(i) = i**3 + 36*i**2 + 32*i - 62. Calculate l(-35).
43
Let f(b) = -b**2 + 2512*b - 12544. Calculate f(5).
-9
Let p(l) = -33*l - 1923. Determine p(-64).
189
Let s(i) = 3*i**2 + 1999*i - 4005. What is s(2)?
5
Let d(u) = 250*u + 1434. Calculate d(-7).
-316
Let z(n) = 6*n**2 + 87*n + 179. Calculate z(-2).
29
Let n(k) = 21*k - 1159. Determine n(55).
-4
Let u(r) = -7*r - 704. What is u(-30)?
-494
Let d(z) = 7*z**2 + 868*z + 867. Determine d(-1).
6
Let z(u) = -10*u**3 - 22*u + 22. What is z(1)?
-10
Let r(t) = -6*t**2 + 6*t + 53. Determine r(-6).
-199
Let k(c) = c**3 + 111*c**2 - 426*c + 3910. Calculate k(-115).
0
Let q(l) = 292*l - 5851. What is q(20)?
-11
Let x(w) = 109*w + 47. What is x(-3)?
-280
Let b(n) = -591*n - 12406. What is b(-21)?
5
Let v(b) = 249*b - 2200. Give v(8).
-208
Let s(f) = -279*f - 76. Calculate s(1).
-355
Let r(y) = -y**2 - 72*y - 864. Determine r(-15).
-9
Let d(w) = w**3 + 27*w**2 + 142*w + 17. What is d(-7)?
3
Let w(o) = -o**2 + 20*o + 42. Give w(28).
-182
Let g(d) = -96*d**3 - 4*d**2 + 4*d + 10. What is g(2)?
-766
Let r(x) = x**3 + 6*x**2 + 5*x. What is r(-4)?
12
Let g(k) = -22*k - 164. What is g(-6)?
-32
Let p(d) = 28*d**2 + 55*d + 211. What is p(-4)?
439
Let b(c) = 8*c**3 - 7*c**2 - 16*c - 3. Determine b(-2).
-63
Let p(d) = 2*d**3 - 37*d**2 - 7*d + 45. What is p(19)?
273
Let u(x) = x**3 + 198*x**2 - 808*x - 8. Calculate u(-202).
-8
Let l(u) = u**3 - 41*u**2 + 286*u + 9. Calculate l(9).
-9
Let s(i) = -43*i**3 + 1374*i**2 + 64*i + 26. Calculate s(32).
26
Let n(h) = 662*h - 4016. Give n(6).
-44
Let l(w) = 28*w + 513. Give l(-4).
401
Let d(x) = -164*x + 2004. Give d(12).
36
Let k(s) = -229*s + 1385. Calculate k(6).
11
Let x(z) = 9*z**2 + 159*z + 461. Determine x(-14).
-1
Let a(u) = 13*u + 327. Determine a(-17).
106
Let v(t) = -t**3 + 41*t**2 - 49*t + 5. What is v(40)?
-355
Let w(s) = -302*s + 4584. Give w(15).
54
Let o(m) = -m**3 - 56*m**2 + 174*m - 196. Give o(-59).
-19
Let k(o) = o**3 - 22*o**2 + 89*o - 75. Determine k(17).
-7
Let y(i) = i**3 + 23*i**2 - 55*i - 427. Determine y(-25).
-302
Let k(b) = 8*b + 123. What is k(-20)?
-37
Let q(b) = 32*b - 45. Determine q(5).
115
Let l(h) = -5*h + 126. Give l(34).
-44
Let n(t) = 16824*t + 168242. Calculate n(-10).
2
Let h(s) = -15*s - 835. What is h(-55)?
-10
Let v(n) = n**2 - 33*n - 997. Determine v(-19).
-9
Let h(j) = j**3 + 129*j**2 - 157*j - 3506. What is h(-130)?
4
Let q(s) = 3*s**2 + 191*s + 62. Calculate q(-62).
-248
Let j(z) = 7*z**2 + 2*z - 5. Give j(-1).
0
Let t(u) = 2*u**2 + 80*u - 288. Give t(-43).
-30
Let d(t) = t**3 + 138*t**2 + 142*t + 684. Determine d(-137).
-1
Let u(x) = -2*x**3 - 26*x**2 + 79*x + 282. What is u(-15)?
-3
Let x(n) = -55*n - 720. Determine x(-13).
-5
Let c(f) = -105*f - 249. Give c(0).
-249
Let p(a) = -340*a - 6501. What is p(-19)?
-41
Let n(m) = 86*m - 2939. What is n(35)?
71
Let r(t) = -t**3 - 40*t**2 - 339*t - 70. What is r(-28)?
14
Let j(y) = 5949*y - 23803. Calculate j(4).
-7
Let t(s) = 4*s**3 - 152*s**2 - 157*s + 83. Calculate t(39).
44
Let c(a) = -6699*a - 26790. Give c(-4).
6
Let i(v) = -8*v**3 - 2549*v**2 + 952*v - 1598. What is i(-319)?
-3
Let n(h) = h**2 - 14*h - 124. Give n(-7).
23
Let j(u) = 41*u**3 + 17*u**2 - 41*u - 25. What is j(3)?
1112
Let q(a) = 10*a**3 + 3*a**2 - 12*a - 22. Give q(-4).
-566
Let s(k) = 206*k - 2719. Calculate s(14).
165
Let a(k) = -4*k**2 + 943*k - 946. Give a(1).
-7
Let s(z) = -z**2 - 18*z + 53. Calculate s(-14).
109
Let d(o) = 20*o - 115. Determine d(11).
105
Let s(x) = -1708*x - 3388. Calculate s(-2).
28
Let m(p) = -211*p + 452. Determine m(1).
241
Let x(d) = -d**3 + 5*d**2 + 78*d - 31. What is x(12)?
-103
Let q(c) = -c**2 - 67*c - 1066. Determine q(-44).
-54
Let g(w) = 19*w + 1021. Calculate g(-54).
-5
Let q(u) = -24*u**2 - 172*u - 19. Determine q(-7).
9
Let a(u) = -u**3 + 61*u**2 + 60*u + 158. What is a(62)?
34
Let p(o) = -30*o - 772. Determine p(-26).
8
Let g(b) = b**2 - 229*b + 1125. What is g(5)?
5
Let p(x) = 4*x**3 - 39*x**2 + 291*x - 3017. What is p(10)?
-7
Let n(w) = -w**3 + 3*w**2 + 66*w + 35. What is n(-6)?
-37
Let l(g) = -g**2 - 24*g - 37. Calculate l(-2).
7
Let p(n) = -323*n - 23579. Calculate p(-73).
0
Let b(o) = 7*o**3 - 2*o**2 - 1405*o - 1405. Calculate b(-1).
-9
Let u(b) = b**3 + 4*b**2 - 5*b - 29. Calculate u(5).
171
Let y(v) = 21*v**2 + 379*v + 754. Determine y(-2).
80
Let s(k) = -k**2 - 341*k + 3524. Give s(10).
14
Let f(h) = -20*h + 1196. Calculate f(60).
-4
Let y(k) = 15*k + 177. Determine y(-10).
27
Let f(l) = 20*l**2 - 2238*l - 214. Determine f(112).
10
Let d(z) = z**3 + 15*z**2 + 20*z - 4. Dete